t the prime factors of 5490871.
5490871
List the prime factors of 1342424.
2, 31, 5413
What are the prime factors of 12478242?
2, 3, 7, 42443
What are the prime factors of 4497914?
2, 31, 72547
What are the prime factors of 12722617?
31, 97, 4231
What are the prime factors of 26824233?
3, 23, 388757
What are the prime factors of 17516407?
17516407
What are the prime factors of 846145?
5, 31, 53, 103
What are the prime factors of 1065723?
3, 137, 2593
What are the prime factors of 420298?
2, 31, 6779
List the prime factors of 612798.
2, 3, 109, 937
List the prime factors of 207328.
2, 11, 19, 31
What are the prime factors of 717739?
11, 71, 919
What are the prime factors of 1920856?
2, 7, 34301
List the prime factors of 176791.
176791
List the prime factors of 7115789.
131, 54319
What are the prime factors of 1007680?
2, 5, 47, 67
List the prime factors of 8808682.
2, 4404341
What are the prime factors of 1191415?
5, 239, 997
What are the prime factors of 1412736?
2, 3, 13, 283
What are the prime factors of 411983?
11, 13, 43, 67
What are the prime factors of 444230?
2, 5, 31, 1433
What are the prime factors of 56173?
13, 29, 149
List the prime factors of 71497.
19, 53, 71
What are the prime factors of 612805?
5, 122561
List the prime factors of 219204.
2, 3, 6089
List the prime factors of 432519.
3, 144173
What are the prime factors of 239314?
2, 119657
List the prime factors of 109915.
5, 13, 19, 89
List the prime factors of 2320327.
139, 16693
List the prime factors of 242522.
2, 7, 17, 1019
List the prime factors of 2730311.
463, 5897
List the prime factors of 1498696.
2, 187337
What are the prime factors of 5435744?
2, 37, 4591
List the prime factors of 324615.
3, 5, 17, 19, 67
What are the prime factors of 324302?
2, 11, 14741
List the prime factors of 44314.
2, 22157
What are the prime factors of 1333528?
2, 7, 23813
List the prime factors of 9385151.
9385151
What are the prime factors of 466116?
2, 3, 7, 31, 179
What are the prime factors of 34046713?
1031, 33023
What are the prime factors of 449049?
3, 43, 59
List the prime factors of 2609586.
2, 3, 7, 139, 149
What are the prime factors of 422140?
2, 5, 21107
What are the prime factors of 1987824?
2, 3, 41413
What are the prime factors of 1734158?
2, 867079
List the prime factors of 3140192.
2, 11, 811
What are the prime factors of 48243?
3, 13, 1237
What are the prime factors of 269972?
2, 67493
List the prime factors of 519934.
2, 259967
List the prime factors of 42371.
7, 6053
List the prime factors of 379154.
2, 101, 1877
What are the prime factors of 3387129?
3, 1129043
List the prime factors of 430089.
3, 11, 13033
List the prime factors of 1464615.
3, 5, 19, 571
What are the prime factors of 8808022?
2, 373, 11807
List the prime factors of 315302.
2, 13, 67, 181
List the prime factors of 333835.
5, 179, 373
List the prime factors of 3301271.
107, 30853
List the prime factors of 294316.
2, 11, 6689
List the prime factors of 4609985.
5, 29, 31793
What are the prime factors of 2060609?
2060609
What are the prime factors of 10358035?
5, 41, 50527
List the prime factors of 5134723.
11, 577, 809
List the prime factors of 300153.
3, 7, 14293
List the prime factors of 1114764.
2, 3, 7, 23, 577
What are the prime factors of 85680?
2, 3, 5, 7, 17
List the prime factors of 1403354.
2, 541, 1297
List the prime factors of 1368690.
2, 3, 5, 43, 1061
What are the prime factors of 383631?
3, 127877
List the prime factors of 362779.
23, 15773
List the prime factors of 405533.
43, 9431
What are the prime factors of 100584?
2, 3, 11, 127
What are the prime factors of 32322124?
2, 29, 278639
List the prime factors of 429008.
2, 26813
List the prime factors of 94921.
23, 4127
List the prime factors of 230544.
2, 3, 1601
What are the prime factors of 365063?
365063
List the prime factors of 2488386.
2, 3, 414731
What are the prime factors of 883229?
883229
List the prime factors of 230868.
2, 3, 11, 53
List the prime factors of 442397.
442397
List the prime factors of 96025.
5, 23, 167
List the prime factors of 8085117.
3, 1009, 2671
What are the prime factors of 1714521?
3, 353, 1619
What are the prime factors of 15457189?
11, 31, 45329
What are the prime factors of 402439?
19, 59, 359
What are the prime factors of 3964539?
3, 1321513
List the prime factors of 2082204.
2, 3, 57839
What are the prime factors of 164326?
2, 82163
List the prime factors of 218109.
3, 23, 29, 109
What are the prime factors of 3399851?
7, 13, 37361
List the prime factors of 188732.
2, 29, 1627
List the prime factors of 1406278.
2, 703139
What are the prime factors of 31147163?
31147163
List the prime factors of 1281206.
2, 751, 853
What are the prime factors of 213782?
2, 139, 769
List the prime factors of 28412479.
28412479
What are the prime factors of 189141?
3, 67, 941
List the prime factors of 507939.
3, 169313
List the prime factors of 2037885.
3, 5, 135859
List the prime factors of 3155524.
2, 41, 71, 271
What are the prime factors of 31699905?
3, 5, 337, 6271
What are the prime factors of 8265503?
43, 211, 911
What are the prime factors of 197975?
5, 7919
List the prime factors of 9076647.
3, 599, 5051
What are the prime factors of 6066682?
2, 3033341
List the prime factors of 17363.
97, 179
List the prime factors of 826598.
2, 413299
What are the prime factors of 446794?
2, 17, 773
List the prime factors of 653614.
2, 13, 23, 1093
List the prime factors of 9844891.
7, 29, 48497
What are the prime factors of 163316?
2, 40829
What are the prime factors of 4432734?
2, 3, 89, 2767
What are the prime factors of 5452079?
97, 56207
What are the prime factors of 7129287?
3, 11, 23, 31, 101
List the prime factors of 57130.
2, 5, 29, 197
List the prime factors of 3506866.
2, 11, 159403
What are the prime factors of 5081767?
5081767
List the prime factors of 362560.
2, 5, 11, 103
What are the prime factors of 77353?
103, 751
List the prime factors of 5128809.
3, 7, 283, 863
List the prime factors of 11690554.
2, 1787, 3271
What are the prime factors of 1372940?
2, 5, 19, 3613
What are the prime factors of 187036?
2, 19, 23, 107
What are the prime factors of 2460987?
3, 97, 2819
What are the prime factors of 2952037?
11, 31, 787
What are the prime factors of 601160?
2, 5, 7, 19, 113
List the prime factors of 1364579.
727, 1877
What are the prime factors of 2639031?
3, 137, 6421
What are the prime factors of 18962410?
2, 5, 1896241
What are the prime factors of 860887?
860887
What are the prime factors of 1094117?
193, 5669
List the prime factors of 528966.
2, 3, 29387
What are the prime factors of 518900?
2, 5, 5189
List the prime factors of 18496681.
7, 2642383
List the prime factors of 2953771.
557, 5303
What are the prime factors of 210230?
2, 5, 21023
What are the prime factors of 447658?
2, 223829
What are the prime factors of 8655456?
2, 3, 29, 3109
What are the prime factors of 101533?
101533
List the prime factors of 9275446.
2, 4637723
List the prime factors of 359503.
47, 7649
What are the prime factors of 1241045?
5, 13, 61, 313
What are the prime factors of 1815671?
11, 13, 12697
List the prime factors of 1799557.
199, 9043
List the prime factors of 4444567.
83, 53549
List the prime factors of 8682432.
2, 3, 11, 4111
What are the prime factors of 4164675?
3, 5, 55529
List the prime factors of 80340.
2, 3, 5, 13, 103
What are the prime factors of 50124?
2, 3, 4177
List the prime factors of 66057.
3, 97, 227
What are the prime factors of 9611373?
3, 1579, 2029
What are the prime factors of 30213689?
11, 2746699
What are the prime factors of 1384775?
5, 7, 41, 193
List the prime factors of 6890983.
11, 439, 1427
What are the prime factors of 160032?
2, 3, 1667
List the prime factors of 151157.
151157
What are the prime factors of 29077?
29077
What are the prime factors of 447090?
2, 3, 5, 7, 2129
List the prime factors of 86836.
2, 17, 1277
What are the prime factors of 701253?
3, 7, 11131
List the prime factors of 1802729.
41, 43969
List the prime factors of 458529.
3, 152843
What are the prime factors of 8577121?
7, 1225303
List the prime factors of 1433661.
3, 17, 28111
List the prime factors of 31134182.
2, 59, 263849
What are the prime factors of 9022344?
2, 3, 375931
List the prime factors of 92513.
71, 